rime factors of s.
29
Suppose 2*f - 20 = -0*f + 2*i, -4*i - 32 = -3*f. Suppose -f - 17 = -5*m. List the prime factors of m.
5
Let y = -23 - -45. List the prime factors of y.
2, 11
Let o = -39 - -75. List the prime factors of o.
2, 3
Let r(a) = 2*a**2 + 5*a + 1. Let m(n) = 2*n**2 - 1 + 0 - 3*n**2. Let q(o) = 3*m(o) + r(o). List the prime factors of q(4).
2
Suppose -3*t + 54 = -264. What are the prime factors of t?
2, 53
Let q(t) = -16*t + 12. List the prime factors of q(-16).
2, 67
Suppose -4*w + 25 + 31 = 0. Let f = -4 + w. List the prime factors of f.
2, 5
Suppose 8*f - 6*f - 42 = 0. What are the prime factors of f?
3, 7
Suppose 2*m = 5*m. List the prime factors of (8 + 3)*(1 - m).
11
Let r(p) = 5*p + 11. What are the prime factors of r(6)?
41
What are the prime factors of (28/16)/(1/24)?
2, 3, 7
Let s = -1 + 3. Suppose -2*r - 4*o = -20, 0 = s*r - 3*r + 4*o + 34. Suppose 3*m + p - 3*p = 32, -m + r = 3*p. List the prime factors of m.
2, 3
Let w(p) = p**3 - 2*p**2 - 3*p - 5. Let b be w(4). Suppose 6*g - g - b = 0. Suppose -21 = -g*i + 21. List the prime factors of i.
2, 7
Suppose -170 = -3*o + 4*k + 154, 4*o + 3*k = 407. List the prime factors of o.
2, 13
Suppose 2*a + 2 = 3*i, 3*a = 2*a - i + 9. Suppose -10 = -a*s, 2*r + s - 22 = -2*r. What are the prime factors of r?
5
Suppose 80 = 2*v + 5*n, n = 6*n - 10. Suppose 0*y - 5*y = -v. Let w(x) = x - 1. List the prime factors of w(y).
2, 3
List the prime factors of 2 + 19 + (-3 - (-4 + 1)).
3, 7
Suppose -2*a - 2*z - z + 311 = 0, -3*z = -a + 142. What are the prime factors of a?
151
List the prime factors of (8/6)/((-16)/(-552)).
2, 23
Let f = -1 - -1. Let p be f*(-2 - -3)/2. Suppose p = -3*q + 3 + 24. What are the prime factors of q?
3
Let s = -29 - -65. List the prime factors of 6/s - 17/(-6).
3
Let n(b) = b**3 + 12*b**2 + 14*b - 9. Let h be n(-10). What are the prime factors of h/4 - 1/(-4)?
13
Let y be -5 + 2 + -1 + 2. Let h be (3 - 2)/(y - -1). List the prime factors of (-3 - 1)*1/h.
2
Let y = 38 + 43. List the prime factors of y.
3
Let j = 16 - 18. Let d = -14 - -25. Let x = d - j. List the prime factors of x.
13
Suppose k - 2*k = 2. Let y be 0/(1 - 2 - k). Let i = y + 4. List the prime factors of i.
2
Suppose 14*r = 8*r + 576. List the prime factors of r.
2, 3
Let w(z) = -16*z - 23. What are the prime factors of w(-8)?
3, 5, 7
Let j(y) = -5*y**3 + 11*y**2 - 7*y - 6. Let v(x) = x**3 - x**2 + x. Let f(a) = -j(a) - 4*v(a). Let h be f(6). What are the prime factors of (-2)/8 - 51/h?
2
Let a(q) = -6*q + 3. List the prime factors of a(-2).
3, 5
Let x be 14 - (-2 + 2 + 1). Let p(s) be the third derivative of s**4/12 - 5*s**3/3 + 5*s**2. What are the prime factors of p(x)?
2
Suppose 4*d - 6*d + 108 = 0. What are the prime factors of d?
2, 3
Suppose 4*r = -2*h - 6, 5*h + 3 = 4*r + 4*h. Let p be -3*(1 + r) + 2. Let f(y) = -8*y. List the prime factors of f(p).
2
Let y = -27 - -68. What are the prime factors of y?
41
Suppose -3*y = -7*y + 4. Let n = 4 - y. What are the prime factors of n?
3
Let d = -65 + 29. Let i be 47/9 + 8/d. Suppose -i*k = -4*k - 9. What are the prime factors of k?
3
Let n = -13 + 19. Suppose n*d - d = 65. What are the prime factors of d?
13
Let c = 5 + -4. Suppose -20 = -t + c. What are the prime factors of t?
3, 7
Suppose -4*a = -a. Suppose -2 = o - 5*d, -3*d - 24 = -a*o - 2*o. What are the prime factors of o?
2, 3
Suppose -5*v - 4*b = -2, 0*v + 4*b = -4*v. Suppose -28 = -v*u - 5*l, 0*l + 28 = 2*u + l. What are the prime factors of u?
2, 7
Let i = -7 - -8. What are the prime factors of (-30)/(-6*i/4)?
2, 5
Let f(x) = 3*x - 21. What are the prime factors of f(35)?
2, 3, 7
Suppose 12 = 4*u - 68. Let r = u - 14. What are the prime factors of r?
2, 3
Let y(f) = f**3 - 4*f**2 - 6*f. Let v be y(5). Let w(j) = -j**3 - 6*j**2 - 4*j + 1. Let c be w(v). Let p = c + 7. What are the prime factors of p?
3
Let p(v) = -v**2 - 10*v + 6. Let h be p(-10). Let q be (-32)/(-20) + h/(-10). Let a = q + 1. What are the prime factors of a?
2
Let g(q) = q**2 + 5. Let r be g(0). Suppose -4 = -4*o - r*j, -o - 5*j - 5 = -6*o. Let z = 4 - o. What are the prime factors of z?
3
Let f be 0/(1*(2 + -1)). Suppose f = 6*c - 4*c - 56. List the prime factors of c.
2, 7
Let u(s) = s + 7. Let d be u(-5). Let p(x) = 16 + x**2 + x**2 - x**d. What are the prime factors of p(0)?
2
List the prime factors of 28*((-22)/8 + 4).
5, 7
What are the prime factors of (4/(-3))/(6/(-147))*3?
2, 7
Suppose 0 + 2 = -4*r - a, 5*r = 2*a + 4. Let b(g) = -g**3 + g**2 + g + 1. Let t be b(r). List the prime factors of -2 - (-18*t)/2.
7
Suppose 0 = -2*k - k - 21. List the prime factors of 4/(-14) - 86/k.
2, 3
Let u(q) = -15*q**2 - 16*q - 3. Let h(r) = -7*r**2 - 8*r - 2. Let o(x) = -13*h(x) + 6*u(x). Let c be o(-8). Let d = c + 0. List the prime factors of d.
2
Let a(b) = -7*b - 2. Let r be a(-4). Suppose 3*c = 5*h - 64, -2*h + c + r = -0*h. List the prime factors of (-2)/(-6) + h/3.
5
Let a = 86 - 126. Let j = a + 66. What are the prime factors of j?
2, 13
Suppose -4*r + 11 = f, 2*f + 4 = 2*r + 6. Suppose 0*h - 4*m = 3*h - 57, f*h - 30 = 5*m. What are the prime factors of h?
3, 5
Suppose 0 = -3*t + 4*t - 5. Suppose -t*n + 4*w = -47, -8 = n + w + 4*w. Let o = n - 0. List the prime factors of o.
7
What are the prime factors of 2/((-16)/124)*-2?
31
Suppose 0 = -5*i + 5 - 0. List the prime factors of 1 + i - (1 + -28).
29
Suppose g = -2*d - 2*d - 4, -4*g = 3*d - 23. List the prime factors of g.
2
Let x = -19 - -41. What are the prime factors of x?
2, 11
Let j(x) = x**2 + 17*x - 49. List the prime factors of j(-20).
11
Let g = 457 + -278. List the prime factors of g.
179
Let u(w) = -2*w - 7. Let m be u(-5). Suppose 4*j - 15 = -5*g - 0*j, 2*j = m*g - 9. Suppose -b - z = 0, -g*b + 12 + 12 = -3*z. What are the prime factors of b?
2
Suppose 5*f = -2*o + 226, 5*o - 416 - 166 = -4*f. List the prime factors of o.
2, 59
Suppose -4*h = -6*j + 4*j + 16, -2*h + 2*j = 6. Let c be -7 - h - (-1 + 0). What are the prime factors of 1/(c/4*-1)?
2
Let f be ((-48)/(-40))/((-6)/(-20)). Suppose -f*l + 2*j = -92, -3*l = -2*j - 15 - 55. What are the prime factors of l?
2, 11
Suppose 4*l = 434 - 30. Suppose 3*z - l = -2*w, -4*z = z - 5*w - 185. List the prime factors of z.
5, 7
Let g be (-72)/((-3 - -6) + -4). Let z = -42 + g. What are the prime factors of z?
2, 3, 5
Let k(u) = -3*u**3 + 2*u - 1. Suppose -2*x + 4 = 2*x. Let t be k(x). List the prime factors of t - (-3)/1 - -9.
2, 5
Let q(x) = 2*x**2 + 12*x + 2. What are the prime factors of q(-6)?
2
Let s = -13 - -23. Suppose -t + s = -9. List the prime factors of t.
19
Let k = 9 - 5. Suppose k*s = s + 60. Suppose 8*f = 3*f + s. List the prime factors of f.
2
Let w(t) = -t + 1. Let x(k) = -2*k + 3. Let o(r) = 3*w(r) - x(r). Let j be o(-2). Suppose -2*h + 22 = 2*n, n + j*h = 3*n - 22. What are the prime factors of n?
11
Suppose -4*g + g + 120 = 0. Let u be (4/(-10))/((-4)/g). Let x = u + -1. What are the prime factors of x?
3
Let p(o) = o**2 - o. What are the prime factors of p(-2)?
2, 3
Let h = -39 + 115. What are the prime factors of h?
2, 19
Let q(n) = -n**2 + 10*n + 3*n**2 + 13 - n**2. List the prime factors of q(-11).
2, 3
Let x(w) = -4*w**3 + 2*w - 7. What are the prime factors of x(-3)?
5, 19
Let n(c) = 2*c**2 + 19*c + 20. Let f be n(-14). Let m = 205 - f. What are the prime factors of m?
59
Suppose 2*l + 319 = 103. Let g = -54 - l. List the prime factors of g.
2, 3
Let j(r) = -r**3 + 3*r**2 + 2*r - 2. List the prime factors of j(2).
2, 3
Suppose 136 = 2*f + q - 5*q, -301 = -5*f - 3*q. What are the prime factors of f?
2, 31
Suppose -3*g = -31 - 32. List the prime factors of g.
3, 7
Let x = -67 + 113. Suppose -x = t - 3*t. What are the prime factors of t?
23
Let z = 4 + -1. Suppose -k - 32 = -z*s - 2*k, -5*k + 10 = 0. What are the prime factors of s?
2, 5
Suppose 3*v - 8 = 688. List the prime factors of v.
2, 29
Let s(a) = -a**2 - 10*a - 13. Let x be s(-9). Let m be (-6)/(-1)*(-2)/x. Suppose -17 - 4 = -m*o. What are the prime factors of o?
7
Suppose 7*o = 4*o - 3*r + 24, 2*r = -3*o + 19. Suppose -4*m + 0*a - 5*a = -161, 2*a = -o*m + 119. What are the prime factors of m?
3, 13
Let k(w) be the first derivative of -w**2/2 + w + 1. Let q be k(0). What are the prime factors of q/2 + (-51)/(-6)?
3
Suppose 2*l + 2*j + 3